the highest common divisor of s and 3?
1
Suppose -3*d - 2*d + 1080 = 0. What is the greatest common factor of d and 24?
24
Suppose 0 = 3*w - 2*w - 3. Suppose -y = -w*y + 2. Calculate the highest common factor of y and 2.
1
Suppose 3*u = 10 + 20. What is the greatest common divisor of u and 30?
10
Suppose -1371 = -5*z + 4*l - 311, 5*l = 3*z - 649. Suppose -z = -3*j + 2. Let r = 21 - 11. Calculate the greatest common divisor of j and r.
10
Let s(l) = 5*l + 2. Let v be (-2)/(1/1*-1). Let a be s(v). Calculate the highest common factor of 120 and a.
12
Let c = -12 - -68. Suppose -5*w + 2*l + 12 = -13, -3*w - 3*l + 36 = 0. What is the highest common divisor of w and c?
7
Let y = -1 + -5. Let x(v) = 11*v + 1. Let k be x(y). Let a = 110 + k. Calculate the highest common divisor of 18 and a.
9
Let y(r) = r**3 + 8*r**2 - 8*r - 1. Let f be y(-7). What is the highest common divisor of f and 13?
13
Let j = -19 + 24. Suppose 46 = j*a - 74. What is the highest common divisor of a and 8?
8
Let k(u) = -8*u**3 + u**2 + u. Let t be k(-1). Let l be 28/35*(-15)/(-6). Calculate the greatest common factor of t and l.
2
Suppose -7 - 88 = -5*h. What is the highest common divisor of 209 and h?
19
Let h(v) = 2*v + 65. Let x be h(-24). Calculate the highest common factor of x and 221.
17
Let a = 9 + -6. Suppose a*w = -2 + 14. Calculate the greatest common factor of 16 and w.
4
Let n be (-4 + 1)/(0 + -1). Suppose -7 = 2*d + 5*k, -n*d - 5 = -4*k + 17. Let p be (d/7)/((-3)/42). What is the greatest common factor of 84 and p?
12
Let z be (1 - (-18)/3) + 1. Let o = z + -3. Suppose 25 + 42 = 4*v + o*n, 2*v = -4*n + 38. Calculate the highest common factor of v and 26.
13
Let t be 24/(-40)*(-30 - 0). What is the greatest common divisor of t and 9?
9
Suppose -3*u = 2*u - 100. Suppose -u = -4*c + 76. Let f be 4/14 + 750/21. Calculate the highest common divisor of f and c.
12
Suppose w - 7 - 8 = 0. Suppose 0 = 5*y - 0*y + w. Let k be (12/(-4))/(y/20). What is the greatest common divisor of 4 and k?
4
Suppose -y = -5 + 1. Suppose y*i - 13 = -5. Calculate the greatest common divisor of 16 and i.
2
Let j be (6/(-5))/(12/(-400)). Let y be (-10)/(5/((-5)/2)). What is the highest common divisor of j and y?
5
Suppose -3*u = u - 16. Suppose 3*d + 4*p - 49 = 0, 0 = -5*d + 4*p + 15 + 56. Suppose d = 3*j + 3. Calculate the greatest common divisor of j and u.
4
Let p(c) = -c**3 - c**2 + c - 2. Let q be p(-2). Suppose -t = -2 - 1. Let v = q + t. Calculate the highest common factor of 27 and v.
3
Let f(k) = k**3 + 6*k**2 - 2*k + 3. Let p be f(-6). Let u be 4/(((-24)/p)/(-4)). Suppose 3*d + 20 = 5*d. What is the highest common divisor of d and u?
10
Let p = 33 + -9. Let o(l) = -l**3 + 4*l**2 - 3. Let c be o(3). Suppose t + 0 = c. What is the greatest common factor of t and p?
6
Let d be (-83)/(-9) - 12/54. What is the highest common divisor of d and 99?
9
Let s(q) = -q + 7. Let o be s(-15). Let f = o + -7. What is the greatest common factor of 120 and f?
15
Let o = 3 + 1. Suppose 4*k + s - 7 = 0, 9*k - o*k = -s + 10. Let t be k/(-18) + (-218)/(-12). Calculate the greatest common factor of t and 9.
9
Suppose p - 54 = -4*c - 23, 2*c + 3*p = 3. Suppose -c - 16 = -5*y. Calculate the greatest common divisor of y and 55.
5
Suppose -12*h = -13*h + 32. Calculate the highest common factor of 112 and h.
16
Let p(q) = q**3 + 13*q**2 - 19*q + 7. Let x be p(-14). What is the highest common factor of 7 and x?
7
Let c = 47 - 32. What is the greatest common divisor of c and 30?
15
Suppose -5*n + 484 = -n. What is the greatest common divisor of 11 and n?
11
Let y = 1 + -1. Suppose y = -4*x - 5*p + 8, x + 4 = 5*x + 4*p. Let g = 10 - x. Calculate the greatest common divisor of 26 and g.
13
Let o(c) = 3*c + 15. Let x be o(11). What is the greatest common factor of 12 and x?
12
Let a(o) be the first derivative of -o**4/4 + 7*o**3/3 + o - 1. Let k be a(7). Calculate the highest common factor of k and 2.
1
Suppose -7 = -2*d - 1. Let s be 45*(32/(-12) + 3). What is the greatest common divisor of s and d?
3
Let y = -47 - -83. What is the greatest common divisor of 18 and y?
18
Let g(o) = -14*o**2 + 2. Let l be g(-2). Let p = l - -144. What is the greatest common divisor of p and 10?
10
Let x = 11 - 6. Suppose -20 = -x*j, 0 = 5*s - 2*j - 10 - 47. What is the highest common divisor of s and 26?
13
Let j be 0 - (0 + 2)/(-2). Suppose 0 = 4*f - j - 7. What is the greatest common divisor of f and 16?
2
Let p(z) be the second derivative of -z**5/20 - z**4/2 - z**3/6 + 5*z**2/2 - z. Let s be p(-6). Calculate the highest common divisor of 22 and s.
11
Let t be (-10)/(-5)*1/2. What is the highest common divisor of 2 and t?
1
Let m(o) = 30*o**2. Let h be m(1). Let p = -13 - -19. What is the highest common factor of p and h?
6
Let y(l) = -l - 2. Let w be y(-6). What is the greatest common divisor of 36 and w?
4
Let z be ((-12)/8)/(-1 + (-5)/(-8)). What is the highest common divisor of z and 52?
4
Let a = 10 + 2. Let i be a - 0*(-2)/(-6). Calculate the highest common divisor of i and 36.
12
Suppose 20 = 4*t - 0. Let y = -4 + t. Let a = y - -9. What is the greatest common factor of 2 and a?
2
Let h be 28 + (-1 - (2 - (1 + -1))). Let o(x) = 4 - 4 + 2 - 4*x. Let c be o(-2). What is the greatest common divisor of h and c?
5
Let f(x) = x**2 - 2*x + 3. Let t be f(0). Suppose 5*l - 2*l = 63. Calculate the greatest common divisor of l and t.
3
Let n(k) = k + 5. Let h be n(-5). Suppose 16 + h = 2*l. Suppose 0 = 5*z - 17 - l. What is the greatest common divisor of z and 10?
5
Suppose 4*u = 2*u + 20. Calculate the greatest common divisor of u and 10.
10
Let r(c) = c**3 - 6*c**2 + 8*c - 7. Let n(p) = p**2 + 5. Let l be n(0). Let g be r(l). Calculate the greatest common divisor of 1 and g.
1
Let s = 208 - 116. What is the greatest common factor of s and 23?
23
Suppose 2*t - t - 5*r = -9, -3*r + 39 = 5*t. Let u be (-9)/t*2 + 51. Calculate the greatest common factor of u and 12.
12
Let q be (-4 - (-9)/3)*-1. What is the highest common factor of 4 and q?
1
Suppose -x = -3 - 0. Suppose 5 = x*g - 13. Calculate the greatest common divisor of 30 and g.
6
Suppose 2*u + 7*u - 198 = 0. Let q(y) = 22*y**3 - y**2 + 3*y - 2. Let n be q(2). Calculate the highest common factor of u and n.
22
Let b be ((-4)/(-6))/(6/117). Suppose -7 = -4*t + b. Suppose 3*g + 55 = 4*d, -4*g - t = -3*g. What is the greatest common factor of d and 10?
10
Let h = -7 + 5. Let p = h + 4. Suppose -4 = -p*k, -2*w + 2*k + 74 = -0*w. What is the greatest common factor of w and 26?
13
Let h(u) = u**2 + 2*u - 3. Let z be h(3). What is the highest common factor of z and 60?
12
Let m = -23 + 50. Let y = 62 - m. Let z(p) = 5*p**2. Let f be z(1). What is the highest common factor of y and f?
5
Let d = 64 + -97. Let z be (-2 - d/12)*32. Calculate the greatest common factor of z and 3.
3
Let s = -9 - -10. Let x(y) be the first derivative of 3*y**4 - y**3/3 + y**2/2 + 1. Let b be x(s). What is the greatest common divisor of 132 and b?
12
Suppose -2*t - 2*t = -40. Let p = -83 + 153. Calculate the highest common factor of t and p.
10
Let b = 53 - 44. What is the highest common divisor of 63 and b?
9
Let w be ((-8)/(-6))/(2/3). Suppose -w*h + 20 = 2. Calculate the highest common factor of h and 6.
3
Let m(d) = 9*d**2 + 2*d**2 - d - 2 - 6*d**2 + 2*d. Let z be m(2). What is the greatest common factor of z and 160?
20
Let q be (66/30)/(2/10). What is the highest common factor of 33 and q?
11
Let k = 78 + -33. Calculate the greatest common divisor of 5 and k.
5
Let q be (2 + 75)*(-2 - (-4 - -1)). Calculate the highest common factor of q and 7.
7
Let x = -27 - -38. Calculate the highest common factor of 77 and x.
11
Let j(r) = r - 2. Let b(l) = -2*l + 1. Let w(y) = -2*b(y) - 3*j(y). Let c be w(3). What is the highest common divisor of 35 and c?
7
Let y(w) be the second derivative of w**3/3 + 3*w**2/2 - 3*w. Let c be y(5). Suppose s = -s + 78. Calculate the highest common factor of s and c.
13
Let l be (-1 + 1 + -1)*-5. Suppose 0 = -3*d + z + 65, -l*d + z + 32 = -73. Calculate the greatest common divisor of d and 4.
4
Suppose z - 1 - 6 = 0. Let m = -9 + 14. Suppose 0 = -m*y + 66 + 74. What is the greatest common factor of y and z?
7
Let z(k) = -1 + 0 + 2*k**2 + 2 - 14*k + 1. Let h be z(11). What is th